+ f**3 - 6*f**2 - 25648*f - 4*f**3 + 5*f**3 + 4. Calculate a(11).
4
Let g = -597 + 987. Suppose -13*m + g = -156. Suppose m*b - 45*b = -9. Let f(k) = k**3 - 2*k**2 - 3*k - 2. What is f(b)?
-2
Let p(f) = 4*f**3 + 9*f**2 - 2*f + 15. Let q be p(-3). Let l(r) = 4*r + 37. What is l(q)?
13
Let a(h) be the first derivative of -h**2/2 + 2*h - 1. Suppose 2*f - 6*l = -5*l - 11, -2*f - 4*l = 36. Calculate a(f).
10
Let w(m) = 9*m**2 + m. Let t(n) = -8 + 0 - 7*n - n + 5*n. Let i be t(-4). Let a(u) = -18*u**2 - 2*u. Let f(r) = i*a(r) + 7*w(r). Give f(-1).
-8
Let o(n) = 66*n**2 + 3*n - 2. Let f = 24343 + -24342. What is o(f)?
67
Let z(t) = 8*t + 59. Let y(i) = -8*i - 69. Let p(x) = -2*y(x) - 3*z(x). Calculate p(-8).
25
Let t(r) = 2*r**2 + 9*r + 0*r - 3 - r**2 + 6. Suppose 4*i + 8 = 0, -2*w + 15 = 2*i - 5. Suppose 5 - w = b. Give t(b).
-11
Let k(m) = -m + 35. Let l be k(22). Suppose -96 = l*r + 3*r. Let h(a) = -a**2 - a + 7. What is h(r)?
-23
Let n(g) = 6*g + 742. Let w(d) = -7*d - 890. Let a(j) = 6*n(j) + 5*w(j). Let z(r) = 2*r**3 + 2*r**2 - 2*r - 1. Let q be z(-2). Determine a(q).
-3
Let n(q) = -2*q - 17. Suppose -b = -5*t + 34, t + b = -132 + 146. Calculate n(t).
-33
Let m(s) = -37 - 2*s + 14 + 15. Let f = -899 + 891. Determine m(f).
8
Let y(x) = -x**3 + 7*x**2 - x + 1. Let p be (-10)/(-45) + (-75)/(-27). Let l(m) = m**2. Let z(g) = p*l(g) - y(g). What is z(3)?
-7
Let d(p) = -7*p - 4*p - 18*p - 7*p + 37*p - 1. What is d(-2)?
-3
Let r(d) = 8*d - 2. Suppose 156*p + 32*p - 1800 = 38*p. What is r(p)?
94
Let f(z) = 54*z**2 - 544439 + z + 544440 - 7*z**2. What is f(-1)?
47
Let o = -149 + 154. Let k(u) = u + 2. Let s(w) = 6*w + 25. Let d(c) = o*k(c) - s(c). What is d(-7)?
-8
Let p(x) = -x**3 + x**2 - 12. Let s = -188 - -200. Let u(l) = l**2 - 15*l + 36. Let j be u(s). What is p(j)?
-12
Let v = 159429 + -159431. Let t(p) = p**3 - 6*p - 5. Let b(m) = 3*m + 1 + 2*m - m**3 - 4*m. Let k(x) = 2*b(x) + t(x). Give k(v).
13
Let k be (-8 - 4) + 18 + 318/(-1). Let v be (k/(-91))/((-8)/28). Let z(t) = -2*t - 20. What is z(v)?
4
Let u(p) = -p**2 - 6*p + 3. Let w(a) = -18 - 19*a - 57 - 32 - 14. Let n be w(-6). Calculate u(n).
-4
Let s be 1/(-2*3/1806). Let o = 310 + s. Let i(y) = y**2 - 8*y - 14. Determine i(o).
-5
Let n be ((-4)/(-6))/(4/48). Suppose 0 = -n*f - 11 + 43. Let q(m) = -3*m + 2*m - f*m**2 - 1 + m. Calculate q(1).
-5
Let m(k) = -k**2 + 11. Let i be 9/12*36/3. What is m(i)?
-70
Let k(i) = -7*i - 10. Let o be k(-2). Suppose 3*a + 4*p = -8, -4*a + 0 = -o*p + 20. Let t(b) be the second derivative of b**3/6 - b**2/2 - b. Calculate t(a).
-5
Suppose 4*m - 5*h + 620 = 431, 5*m + 4*h + 144 = 0. Let x(u) = -u**2 - 48*u - 431. Calculate x(m).
1
Let l = -30 + 30. Let w(k) = l + 34*k + 1 - 27*k - 3. What is w(-2)?
-16
Let l be 1 + (-20)/35 + 1436/14. Suppose 85 = -s + 4*o, -3*o - 295 + l = 2*s. Let k = -92 - s. Let r(v) = v**3 + v**2 - v. Give r(k).
1
Let b = 27056 + -27073. Let s(a) = -a**3 - 18*a**2 - 16*a - 19. Determine s(b).
-36
Let g(c) = -c**3 - 11*c**2 + 10*c - 27. Let f be (-4)/14 + (-12 - (-12)/42). Let o be g(f). Let d(q) = 2*q**2 + 3*q. Give d(o).
9
Let y = 59 - 54. Suppose 6987 = 4*q - y*l, 3*l = -2*q + l + 3498. Let d(n) = 0*n**3 - 1752 - 3*n**3 + 2*n**3 - 5*n**2 + q - 7*n. Give d(-4).
8
Let w = -82 + 83. Let p(v) = -6*v**2 + 6*v - 1. Let r(x) = x**2 - x + 1. Let h(t) = w*p(t) + 5*r(t). Give h(-3).
-8
Let l(z) be the third derivative of -z**4/24 - z**3/6 + 48*z**2. Let b(m) = -11*m**3 - m**2 + 1. Let q be b(1). Let f = q - -7. Give l(f).
3
Let b be (-5)/(50/(-48))*(-50)/(-20). Suppose i - 3*z = -11, 2*i - 2*z + b = 6*i. Let d(n) = -7*n + 1. Calculate d(i).
-6
Let v(g) be the first derivative of -g**2 - 14*g + 230. Determine v(-12).
10
Let o(h) be the first derivative of -4*h**2 - 58*h + 13. Let r be o(-9). Suppose 3*g - 1 = 5*n - 6, r = -2*n - 2*g. Let w(d) = 4*d. Calculate w(n).
-8
Let a(w) be the second derivative of w**5/5 + w**4 + w**3/3 + 5*w**2/2 - 2*w + 707. Give a(-3).
-1
Let n(y) = -y**3 - 9*y**2 - 35*y - 222. Let a be n(-8). Let c(p) = -p**3 - 5*p**2 - p - 1. Calculate c(a).
41
Let u(a) = -2*a**3 - 4*a**2 - a - 3. Let o be 1/(9/(-2)) + 680/(-18). Let n = o + 49. Suppose -3*j = 4*v - 7, 3*j - 4*v - n = -36. Calculate u(j).
18
Let u(t) = 52*t + 570. Let s be u(-11). Let p(g) be the first derivative of -3*g**4/2 - 4*g**3/3 - g**2 + 3. Determine p(s).
36
Let x(z) = -z**2 + 11*z - 15. Let h be x(2). Let p(g) = 27 + 7*g**h - 21*g**2 - 29*g**3 + 7*g**3 + 19*g + 16*g**3. Give p(20).
7
Let a be (22 + -4)*(-3)/(-6) - 2. Let t(j) be the first derivative of j**4/4 - 2*j**3 - 2*j**2 - j + 33. Calculate t(a).
20
Let f(r) be the first derivative of -6*r**2 - 22*r - 674. Determine f(-6).
50
Suppose -4*t + 4 + 4 = 0. Let s(i) = 59*i**2 - 18*i + 10. Let k(o) = -131*o**2 + 40*o - 22. Let n(w) = 9*k(w) + 20*s(w). Determine n(t).
6
Let w be 1/(-5) - (-1001)/4620. Let b(n) be the third derivative of -1/6*n**4 + 0 + 0*n - 8*n**2 + 2/3*n**3 + w*n**5. Calculate b(5).
9
Let b(y) = -3*y**3 + 4*y**2 - 20*y - 1. Let o(i) = 32*i**3 - 24*i**2 + 119*i + 6. Let u(j) = -6*b(j) - o(j). Suppose 3*k = -0*k + 3. What is u(k)?
-13
Let y be 14/35*((-10)/8 - (-120)/72). Let m(b) be the third derivative of -5/24*b**4 - y*b**3 + 0 - 13*b**2 + 0*b. What is m(3)?
-16
Let a = -18 - -9. Let q(w) be the second derivative of -w**5/20 - 3*w**4/4 - w**3 - 3*w**2 - 2092*w. Give q(a).
48
Let d be (-40)/(-32)*648/135. Let g(t) = -t**3 + 8*t**2 - 15*t + 8. Determine g(d).
-10
Let k(a) = a**3 + 3*a**2 - 26*a - 83. Let o be k(-3). Let h(m) be the first derivative of m**2/2 - 6*m - 6. What is h(o)?
-11
Let h(z) be the third derivative of -z**4/12 + 4*z**3 - 281*z**2. Let u = -72 + 83. Determine h(u).
2
Suppose 33*h - 2081 = -1916. Let m(s) = -4*s**2 + 25*s - 28. Determine m(h).
-3
Let m be (6/4 + -1)*2. Let b(l) = -2*l**2 + 48*l - 89. Let a be b(21). Let f(z) = -37 + 6*z + 6*z**2 - 9*z + 2*z + a. Determine f(m).
5
Let h(c) = 292*c - 34. Let f(j) = -356*j + 34. Let k(r) = 5*f(r) + 6*h(r). Give k(-1).
-6
Let n(f) = -f**2 - 75*f - 471. Let y be n(-7). Let g(j) be the third derivative of -j**6/120 + j**5/12 - j**4/12 + j**3/3 + 6*j**2. Calculate g(y).
-8
Let m = 2150 + -2157. Let u(h) = 5*h**3 - 19*h**2 + 21*h - 27. Let f(k) = -2*k**3 + 9*k**2 - 10*k + 13. Let l(y) = 7*f(y) + 3*u(y). Calculate l(m).
10
Let n(x) = 4 + 12 - 21 + x**2 - 3 + 4*x. Give n(-6).
4
Suppose 3*p = -2*h - 3*h + 27, p = -1. Let u be 1 - ((-60)/h - -5). Let z(d) = d**2 - 6*d - 4. Determine z(u).
-4
Let i = -404 - -400. Let b be 4*10/i*12/(-24). Let x(a) = -a**3 + 4*a**2 - 1. Determine x(b).
-26
Let k(p) = 2*p + 3. Suppose -3*v - 4*a = -0 - 10, 4*v = -3*a + 11. Let w be v/(-22) - 585/99. Calculate k(w).
-9
Suppose 0 = -3609*v + 3651*v + 1806. Let t(u) = u**3 + 45*u**2 + 86*u - 1. What is t(v)?
-1
Suppose 0 = -5*u - 44*s + 38*s - 28, -4*u = 2*s. Let n(c) be the second derivative of 3*c**2 + 0 + 12*c + 1/20*c**5 + 0*c**3 - 7/12*c**u. Give n(7).
6
Let h(g) = -g**2 + 8*g - 8. Suppose -3*c + 7 = -x, -7*c = -9*c + 2*x + 6. Suppose 0 = 4*r - c*n - 18, 2*r - 2*n = 5*r - 24. What is h(r)?
4
Let o(q) be the second derivative of q**5/20 - 7*q**4/12 + 5*q**3/2 - 2577*q. Give o(4).
12
Let g(f) = f**2 - 12*f + 14. Let s = 10763 - 10759. Determine g(s).
-18
Let p(z) = z**3 - 23*z**2 + 44*z - 66. Suppose -88*f + 3*q = -91*f + 63, 2*f - 42 = 3*q. Calculate p(f).
-24
Let b(d) = -8*d**2 - 29 + 16*d - 38693*d**3 + 38694*d**3 + d. Determine b(5).
-19
Let s be 6*2/8*12/(-6). Let c(w) = w**3 - 2*w**2 - 3*w - 3. Give c(s).
-39
Suppose 240 = -0*b + 12*b. Let n(u) = -11*u - 1 - 18*u + 51*u - b*u - 15*u**2. Give n(1).
-14
Let o be 4 - (7 - (67 - 4)). Let f(w) = -160 + o + 50 + 55 - w. Let z(q) = q**2 + 4*q. Let u be z(-5). Determine f(u).
0
Let u = -623 - -643. Let i be (-3)/((330/u)/11). Let k(o) be the third derivative of 7*o**4/24 + o**3/2 + o**2. What is k(i)?
-11
Let u(i) be the first derivative of 1 - 1/2*i**2 - i. Suppose -4*z + 13*z + 63 = 0. Give u(z).
6
Let i = -1042676 - -1042672. Let j be -21*(2 + 7/(-3)). Let h(u) = -3*u**2 - 2 - u**2 + 3*u**2 - j*u. Calculate h(i).
10
Let o = 11120 - 11126. Let a(m) = -4*m**2 - 23*m + 6. What is a(o)?
0
Let l(u) = 2*u + 1 + 401*u**2 + 5 - 402*u**2. Let t = -50 + 55. Determine l(t).
-9
Let t(x) = -4*x**2 + x - 1. Let p(w)